actors of 5476989?
3, 7, 260809
List the prime factors of 15887662.
2, 7, 162119
What are the prime factors of 1974933?
3, 219437
What are the prime factors of 4890318?
2, 3, 815053
List the prime factors of 138253.
23, 6011
List the prime factors of 179967.
3, 239, 251
What are the prime factors of 1306099?
1306099
List the prime factors of 3776990.
2, 5, 7, 79, 683
List the prime factors of 51107.
7, 149
List the prime factors of 8718891.
3, 19, 151, 1013
List the prime factors of 1734563.
67, 25889
List the prime factors of 27691677.
3, 13, 236681
What are the prime factors of 512812?
2, 128203
List the prime factors of 1635501.
3, 7, 19, 4099
List the prime factors of 347601.
3, 109, 1063
List the prime factors of 2562.
2, 3, 7, 61
List the prime factors of 5191133.
41, 126613
What are the prime factors of 11672?
2, 1459
What are the prime factors of 879948?
2, 3, 24443
What are the prime factors of 214640?
2, 5, 2683
List the prime factors of 413813.
41, 10093
What are the prime factors of 3879972?
2, 3, 107777
List the prime factors of 7205389.
19, 601, 631
What are the prime factors of 872513?
43, 103, 197
List the prime factors of 17398990.
2, 5, 7, 17, 14621
List the prime factors of 291553.
53, 5501
What are the prime factors of 9131146?
2, 229, 19937
What are the prime factors of 88322?
2, 13, 43, 79
What are the prime factors of 288535?
5, 13, 23, 193
List the prime factors of 20356143.
3, 733, 9257
What are the prime factors of 601549?
13, 46273
What are the prime factors of 425349?
3, 167, 283
What are the prime factors of 88204?
2, 22051
List the prime factors of 119198.
2, 107, 557
List the prime factors of 787682.
2, 7, 56263
What are the prime factors of 448612?
2, 112153
List the prime factors of 21488613.
3, 7162871
List the prime factors of 284001.
3, 137, 691
What are the prime factors of 22785512?
2, 349, 8161
What are the prime factors of 22001447?
13, 107, 15817
What are the prime factors of 8209?
8209
What are the prime factors of 2971021?
29, 53, 1933
List the prime factors of 41108.
2, 43, 239
List the prime factors of 581054.
2, 290527
List the prime factors of 5511540.
2, 3, 5, 97, 947
What are the prime factors of 184051?
7, 26293
List the prime factors of 42976.
2, 17, 79
List the prime factors of 771837.
3, 11, 19, 1231
What are the prime factors of 8552339?
8552339
List the prime factors of 423981.
3, 41, 383
What are the prime factors of 198699?
3, 107, 619
What are the prime factors of 167542?
2, 19, 4409
List the prime factors of 7602055.
5, 53, 28687
What are the prime factors of 288687?
3, 7, 59, 233
List the prime factors of 11714107.
23, 239, 2131
What are the prime factors of 129789?
3, 11, 19, 23
List the prime factors of 673695.
3, 5, 11, 1361
What are the prime factors of 6184611?
3, 687179
List the prime factors of 13272794.
2, 23, 288539
List the prime factors of 303332.
2, 75833
List the prime factors of 14240210.
2, 5, 1424021
List the prime factors of 337835.
5, 67567
What are the prime factors of 518578?
2, 29, 8941
List the prime factors of 723869.
29, 109, 229
What are the prime factors of 659020?
2, 5, 83, 397
List the prime factors of 169938.
2, 3, 1049
What are the prime factors of 3731757?
3, 503, 2473
What are the prime factors of 78122?
2, 11, 53, 67
What are the prime factors of 854254?
2, 53, 8059
List the prime factors of 307586.
2, 113, 1361
List the prime factors of 1457350.
2, 5, 29147
What are the prime factors of 4780232?
2, 773
List the prime factors of 5486088.
2, 3, 228587
List the prime factors of 68498.
2, 29, 1181
List the prime factors of 1856878.
2, 107, 8677
What are the prime factors of 16129218?
2, 3, 7, 384029
List the prime factors of 9625514.
2, 19, 439, 577
List the prime factors of 4561045.
5, 19, 41, 1171
What are the prime factors of 180502?
2, 7, 12893
List the prime factors of 39771707.
37, 503, 2137
What are the prime factors of 1249499?
1249499
List the prime factors of 263999.
41, 47, 137
List the prime factors of 5876442.
2, 3, 11, 13, 761
What are the prime factors of 666878?
2, 333439
What are the prime factors of 432878?
2, 41, 5279
What are the prime factors of 1110925?
5, 37, 1201
List the prime factors of 8511539.
79, 107741
List the prime factors of 1823309.
97, 18797
What are the prime factors of 237413?
11, 113, 191
What are the prime factors of 177250?
2, 5, 709
List the prime factors of 3786662.
2, 11, 19, 9059
List the prime factors of 14147396.
2, 53, 66733
List the prime factors of 3772976.
2, 235811
List the prime factors of 830982.
2, 3, 138497
What are the prime factors of 5404089?
3, 1801363
What are the prime factors of 189487?
19, 9973
List the prime factors of 391631.
391631
List the prime factors of 573300.
2, 3, 5, 7, 13
List the prime factors of 17005109.
11, 167, 9257
What are the prime factors of 10752198?
2, 3, 1792033
What are the prime factors of 15014678?
2, 7, 349, 439
List the prime factors of 298018.
2, 7, 3041
What are the prime factors of 243474?
2, 3, 7, 11, 17, 31
List the prime factors of 2114602.
2, 7, 131, 1153
What are the prime factors of 3773194?
2, 227, 8311
List the prime factors of 11782194.
2, 3, 337, 5827
List the prime factors of 301868.
2, 7, 10781
List the prime factors of 408483.
3, 41
What are the prime factors of 2787513?
3, 929171
What are the prime factors of 37952841?
3, 701, 18047
List the prime factors of 2051575.
5, 137, 599
List the prime factors of 1255308.
2, 3, 73, 1433
List the prime factors of 2276145.
3, 5, 50581
List the prime factors of 6800986.
2, 17, 200029
What are the prime factors of 6760003?
6760003
List the prime factors of 8056471.
569, 14159
List the prime factors of 20623.
41, 503
List the prime factors of 989847.
3, 61, 601
What are the prime factors of 2050623?
3, 53, 1433
List the prime factors of 1830149.
157, 11657
What are the prime factors of 102657?
3, 19, 1801
What are the prime factors of 1841082?
2, 3, 306847
List the prime factors of 3180.
2, 3, 5, 53
What are the prime factors of 805776?
2, 3, 16787
List the prime factors of 626849.
41, 15289
What are the prime factors of 2258481?
3, 103, 7309
What are the prime factors of 595949?
595949
What are the prime factors of 257776?
2, 16111
List the prime factors of 26705237.
13, 2054249
List the prime factors of 1845461.
31, 59, 1009
List the prime factors of 858233.
858233
What are the prime factors of 1958873?
7, 5711
What are the prime factors of 13047286?
2, 7, 931949
What are the prime factors of 113682?
2, 3, 18947
What are the prime factors of 6181452?
2, 3, 171707
What are the prime factors of 50312?
2, 19, 331
What are the prime factors of 185471?
11, 13, 1297
What are the prime factors of 2652290?
2, 5, 41, 6469
List the prime factors of 2444468.
2, 13, 29, 1621
List the prime factors of 26164.
2, 31, 211
What are the prime factors of 3542864?
2, 13, 17033
List the prime factors of 2567992.
2, 7, 6551
What are the prime factors of 755205?
3, 5, 11, 23, 199
What are the prime factors of 7901743?
7901743
List the prime factors of 39949.
7, 13, 439
List the prime factors of 1320696.
2, 3, 13, 17, 83
List the prime factors of 69073.
69073
List the prime factors of 1018684.
2, 37, 6883
What are the prime factors of 313071?
3, 11, 53, 179
What are the prime factors of 1480516?
2, 359, 1031
List the prime factors of 1770422.
2, 107, 8273
List the prime factors of 27699.
3, 7, 1319
What are the prime factors of 2809586?
2, 13, 108061
List the prime factors of 92261.
13, 47, 151
What are the prime factors of 15814563?
3, 5271521
What are the prime factors of 7594560?
2, 3, 5, 293
What are the prime factors of 19638839?
11, 67, 26647
List the prime factors of 728131.
728131
List the prime factors of 1361860.
2, 5, 149, 457
List the prime factors of 2893187.
11, 19, 109, 127
What are the prime factors of 758024?
2, 19, 4987
List the prime factors of 364133.
7, 11, 4729
List the prime factors of 9869050.
2, 5, 197381
List the prime factors of 1455307.
7, 29, 67, 107
List the prime factors of 1803387.
3, 509, 1181
List the prime factors of 182867.
182867
What are the prime factors of 501384?
2, 3, 13, 1607
List the prime factors of 235068.
2, 3, 19, 1031
What are the prime factors of 1031057?
1031057
List the prime fa